igit of q?
8
Let i = -2 - 14. Suppose 699 = 30*n - 561. Let f = i + n. What is the tens digit of f?
2
Let r be 20*(4/6 - (-5)/(-30)). Suppose 5*j = -4*w - 100, 0*w = 2*w + r. Let x(g) = -g**2 - 22*g + 2. What is the tens digit of x(j)?
9
Let u(k) = -3119*k - 2743. What is the ten thousands digit of u(-8)?
2
Suppose 14*f - 2704 = -d + 15*f, -4*f + 8070 = 3*d. What is the units digit of d?
8
Let j be (5/5 + -4)*13. Suppose 209 = -5*a + 59. What is the units digit of (-4 - j/6)/((-1)/a)?
5
What is the tens digit of 474/90 + -5 + (-934811)/(-15)?
2
Let l = -51748 + 95337. What is the ten thousands digit of l?
4
Let h = -129 - -190. Suppose 3*x = -5*o + h, -45 = -5*x - 0*o + 3*o. What is the tens digit of (1 - -184)*2/40*x?
1
Suppose 21780 = 4*p + 5*p. Let y = -1388 + p. What is the thousands digit of y?
1
Let a(s) = s**3 - 29*s**2 + 2*s - 24. Let o be a(13). Let h = 4029 + o. What is the tens digit of h?
2
Suppose 5*n - 2*a = -55 + 694, -5*n + 5*a = -645. Let p = n - 78. Suppose 4*q - 216 = 2*y, 0*y = -q + 3*y + p. What is the units digit of q?
5
Let y(a) = -4*a - 2. Let h be y(-1). Suppose -2*k = -x - 5, -4*k - 1 = -5*k + x. Suppose -u - k*z = -170, -2*u + 770 = h*u - 2*z. What is the units digit of u?
0
Suppose 4*t - 27 = -0*t + 5*c, 3*t + 3 = -4*c. Suppose -3 = -t*b + 3, -490 = -3*z - 5*b. Suppose -7*d = d - z. What is the tens digit of d?
2
Suppose -2*w + 4*x + 14702 = 0, 0*x - 3*x + 6 = 0. What is the hundreds digit of w?
3
Suppose 3*n = -w + 15957 + 44269, -3*n + 2*w = -60214. What is the hundreds digit of n?
0
Suppose 24383 = 10*z - 6167. What is the hundreds digit of z?
0
Let r be (-6*13/26)/(0 - 1). What is the units digit of 2 + r + -10 + 573?
8
Let j(k) be the first derivative of k**2 + 12*k - 2. Let i be (16 - 21) + (-8 + -1)/(-1). What is the tens digit of j(i)?
2
Let g = 25 + -26. Let y be ((-267)/1)/g + 32/(-16). Suppose -y - 365 = -7*v. What is the units digit of v?
0
Let z be (3/((-45)/12))/(1/(-5)). Suppose 23 = 4*w + 5*m, -w + 2*m + 8 = z*m. Suppose -i = -f + 83, -5*f - w*i + 415 = 2*i. What is the tens digit of f?
8
Let q be (-33)/(1*(1 + -2)). Suppose -5*u - q = 27. What is the units digit of (u/(-10))/((-7 - -2)/(-150))?
6
Let g = 79 + -67. Let u be (-265)/(-2) + 6/g. Suppose 3*o + 10 = u. What is the tens digit of o?
4
Let x(a) = 114*a + 2519. What is the hundreds digit of x(-15)?
8
Let t be ((-4 - 0) + 4)/2. Suppose -3*p + 3 = g, 2*g + t*g - 3*p + 3 = 0. Suppose -3*b + 70 + 134 = g. What is the units digit of b?
8
Let d = -208 + 208. Suppose b - 48 = -5*g + 6, d = -5*b - g + 366. What is the units digit of b?
4
Let f(k) = 119*k + 24. Suppose 22 = -8*w + 30. What is the units digit of f(w)?
3
Let p be (-8620)/(-30)*18/4. Suppose 0 = -4*d + d. Suppose -7*a + p - 306 = d. What is the hundreds digit of a?
1
Let c(k) = -192 + 149 + 5*k + 135. What is the units digit of c(6)?
2
Suppose 0 = 3*o - 9. Suppose 5*f - 2537 = 3*w, o*f - f - 1021 = -5*w. Suppose 4*a + 0*t - f = 4*t, -5*a - 5*t = -605. What is the hundreds digit of a?
1
Suppose 2*u + 10383 - 569 = 2*r, 2*u - 14746 = -3*r. What is the units digit of r?
2
Let c(u) = 3*u**3 + 10 + 32*u**2 + 25*u - 9*u + 0 + 13. What is the units digit of c(-10)?
3
Suppose -35*i + 158520 = 60205. Suppose i = 26*g - 2313. What is the units digit of g?
7
Let w = 735 + -735. Suppose w = -2933*d + 2930*d + 117. What is the tens digit of d?
3
Suppose -5*h + 5*j - 1097 = j, 2*h + 452 = -5*j. Let i = h - -234. What is the tens digit of i?
1
Suppose 3*l = 5*h - 52459, -3*l = -312*h + 315*h - 31461. What is the thousands digit of h?
0
Let n(t) = 3*t**3 - 36*t - 412. What is the hundreds digit of n(23)?
2
Let w(a) = -a + 27. Let j be w(17). Suppose 4*d = j*d - 576. Suppose 14*k = 17*k - d. What is the units digit of k?
2
Let j(b) = b**3 + 2*b**2 - 4. Suppose -2*o + 2*z = -z + 9, o + 5*z = 15. Suppose 5*k + 2*t - 10 = o, -k - 2*k + 6 = -4*t. What is the units digit of j(k)?
2
Let q be 3*((-2)/(-3))/(-4 - -6). Let k be 1 - -2 - (0 - (q + -2)). Suppose -k*o + 199 = -21. What is the tens digit of o?
1
Let q(j) = 47*j + 26. Let x be q(0). Suppose 0 = x*h - 18*h - 12288. What is the thousands digit of h?
1
Let d be 149/4 + (-11)/44. Let r = d + -38. What is the tens digit of 83 - (2 + (-2 - r))?
8
Let y(b) = b**3 - 4*b**2 - 6*b + 6. Let u(m) = m**2 + 2*m - 3. Let k be u(-4). Let i be y(k). What is the units digit of (-24 + 31)*((-8)/(-14))/i?
4
Let p = -54950 - -102212. What is the hundreds digit of p?
2
What is the tens digit of (-76)/133*14 + 3066/1?
5
Let k(z) = -z**3 + 56*z**2 + 26*z - 325. What is the thousands digit of k(37)?
6
Let h be (-10)/(24/(-14) + (-22)/77). Suppose h*r + 3090 = 5*b - 0*r, 2*r = 8. What is the hundreds digit of b?
6
Suppose -141*r - 3978 = -159*r. What is the tens digit of r?
2
Suppose 0 = c - 4*m - 1566, 6162 = 5*c + m - 1731. What is the hundreds digit of c?
5
Suppose 5*q - 313978 = 87*i - 88*i, 2*q - i - 125587 = 0. What is the units digit of q?
5
Suppose -3649 = -10*o - 1149. Suppose -u + 3*u = -o. Let t = u - -180. What is the units digit of t?
5
Let h be (4 + -9 + 4)*-5. Suppose 0 = h*f - 2*n - 968, 3*f = 4*n - 167 + 759. What is the units digit of f?
2
Let a be 611/141 + (-4)/(-6). Suppose a*l - 595 = 5*b - 10*b, 2 = l. What is the hundreds digit of b?
1
Let u be (4 - 22/6)/((-1)/6). What is the hundreds digit of (-8)/(-4)*u - -438?
4
Suppose -68 = -4*p + 4*h, -70 = -3*p + h - 29. Suppose 21*x - p = 25*x. Let m = 69 - x. What is the units digit of m?
2
Suppose 0 = f + 7 - 14. Suppose -f*z = -2*z - 300. What is the tens digit of 12/z - (-234)/5?
4
Let w = 350 - 117. Let o = 7 + -37. What is the units digit of w/5 - (-18)/o?
6
Suppose 2*l = -x + 10246, 0 = -l + 158*x - 162*x + 5123. What is the tens digit of l?
2
Let u = -21271 + 35727. What is the ten thousands digit of u?
1
Let a(l) = -17*l**2 + 30*l + 37. Let u be a(10). Let o = u + 2367. What is the hundreds digit of o?
0
Suppose 5*f = 2*l + 6953, 2*f - l + 2774 = 4*f. Suppose 4*i + 141 - f = 0. What is the tens digit of i?
1
What is the thousands digit of (11096/(-44) + (-2)/(-11))/((-28)/2492)?
2
Suppose -29*d + 30*d = 133. Let r = d - 113. What is the tens digit of r/5 - (-289 + 9/(-3))?
9
Suppose -7*s + 7 = -14. Suppose 276 + 237 = -s*v. Let o = v + 286. What is the tens digit of o?
1
Suppose 0 = 4*n - 8*q - 137300, -2*n + 11*q = 15*q - 68618. What is the tens digit of n?
1
Suppose -5*y = 2*d + d - 270, 0 = y - 2*d - 67. Let q be 2/(-3) - 12/9. What is the units digit of y/(2 + (q - -1))?
7
Suppose 40 = 3*x + 2*s, 7 = -x + 4*s - 3. Suppose x*q = 854 + 1696. Suppose -5*i = -0 - q. What is the tens digit of i?
5
Let o = -43360 + 78451. What is the units digit of o?
1
Suppose -2*r + 4*o = -20, -15 = -4*r + 5*o + 16. Suppose -t + 3 = 0, 5*y - 6*t + r*t = -126. What is the units digit of ((-126)/(-4))/((-3)/y)?
2
Let s(l) = -6300*l + 4444. What is the thousands digit of s(-4)?
9
Suppose 6*w = 10*w + 156. Let n = w - -9. Let z = n + 39. What is the units digit of z?
9
Suppose -x = f + x + 13, -19 = f + 5*x. Let p(m) = m**2 + 5*m + 30. What is the tens digit of p(f)?
6
Let h be 1 + (-14)/(-10) + 4/(-10). What is the hundreds digit of ((-429)/h)/(42/(-56))?
2
Let p = 355 - 351. Suppose p*g = -g + 4785. What is the hundreds digit of g?
9
Let b = 9 - 19. Suppose -606 + 174 = 8*n. Let m = b - n. What is the units digit of m?
4
Suppose -5*n - 10 = 0, -2*c + 3*n = -0*n - 8. Let r(u) = -584*u**2 + u. Let q be r(c). Let h = -371 - q. What is the tens digit of h?
1
Let o(t) = -26*t**3 - 6*t**2 - 2*t - 6. Let k be o(-4). Suppose -7*j + k = 3*j. What is the units digit of j?
7
Let p = -130 + 153. Suppose p*w + 226 = 25*w. What is the hundreds digit of w?
1
Let g(i) = i**3 + 2 + 82*i**2 - 74*i**2 + 4*i - 3. Let c be g(-7). Suppose 0 = -5*z + c, 2*z = h - 33 - 8. What is the tens digit of h?
4
Suppose 2*p - 2*b - 219 = 65, 1 = -b. Suppose -4*g = p + 407. Let s = 216 + g. What is the tens digit of s?
7
Suppose -359 = 52*h - 2075. Suppose -x - h + 527 = 0. What is the tens digit of x?
9
Let k = 382 - -6206. What is the hundreds digit of k?
5
Let t = -200 - -203. Suppose -2*v + 1318 = -t*n + 424, 0 = 3*v + 4*n - 1358. What is the units digit of v?
0
Suppose -14*g + 2*g = 0. Suppose 0 = -3*r - 3*h - g*h + 2226, -3 = -3*h. What is the 